- 72452?
-77635
In base 6, what is 10 + -535230211?
-535230201
In base 9, what is -7 + 142740375?
142740367
In base 12, what is -21 - 43a8401?
-43a8422
In base 10, what is 0 + -3442916?
-3442916
In base 2, what is 1011010101101 + -110111100010111?
-101100001101010
In base 8, what is 517663 - -3556?
523441
In base 4, what is -2 - 12302123310?
-12302123312
In base 4, what is -103 - 30112200032?
-30112200201
In base 3, what is -2111 - 12010220211?
-12011000022
In base 12, what is 374813 - -2a?
374841
In base 5, what is 3 - -243224340424?
243224340432
In base 9, what is -5 - 14713538?
-14713544
In base 9, what is 23136 + 118?
23255
In base 11, what is 34 - 9062a1?
-906268
In base 16, what is -13b + 62e6?
61ab
In base 11, what is -11a9 - 192a?
-3028
In base 4, what is -222232133 + -232320?
-223131113
In base 8, what is 2241 + -16?
2223
In base 5, what is 324211214442 - 4?
324211214433
In base 11, what is 1566 - -1724?
318a
In base 10, what is -316409 + 9?
-316400
In base 7, what is -1662 - 6412606?
-6414601
In base 7, what is -14124 + -20445?
-34602
In base 6, what is 144422 + 321?
145143
In base 4, what is -2131023 + -12211131?
-21002220
In base 12, what is 3ab05 - -b84?
3ba89
In base 11, what is -1099 + -21632?
-22720
In base 15, what is -49de6eb - -3?
-49de6e8
In base 16, what is -1725625 - -4?
-1725621
In base 3, what is 112 + 22112020101?
22112020220
In base 7, what is 65105352 + 3?
65105355
In base 13, what is 2a0 - 53272?
-52ca2
In base 8, what is -4503 - 1440?
-6143
In base 13, what is 3b09 - 3267?
872
In base 9, what is 183213722 + -6?
183213715
In base 2, what is 10010111000111 + -110011110110001?
-100000111101010
In base 16, what is 22 - 2b6af7?
-2b6ad5
In base 16, what is -2e70 - -43ca?
155a
In base 14, what is -1c21b3b + -1?
-1c21b3c
In base 6, what is 0 - 1103502?
-1103502
In base 5, what is 2112341 + 1304401?
3422242
In base 11, what is 2373 - 3541?
-1179
In base 9, what is 22776688 - 1?
22776687
In base 8, what is 12367171 - 76?
12367073
In base 11, what is 0 - 79a4815?
-79a4815
In base 15, what is -4232 - -12419?
d1d7
In base 4, what is -2000221102222 + 10?
-2000221102212
In base 5, what is 3 - -32123214313?
32123214321
In base 6, what is -3214201 - -301?
-3213500
In base 5, what is 1344 - 22002142?
-22000243
In base 10, what is -344992 - -140?
-344852
In base 16, what is da9 - 2d4?
ad5
In base 15, what is 13b + a8176?
a82b2
In base 12, what is -8140487 - 2?
-8140489
In base 12, what is 84599 - 59?
84540
In base 6, what is -10 + 133455204?
133455154
In base 12, what is -624b - 180?
-640b
In base 12, what is 1b0654 + 2?
1b0656
In base 4, what is 2222030201 - 1001?
2222023200
In base 6, what is 13415455241 - 3?
13415455234
In base 3, what is -210 + -2102000021012?
-2102000021222
In base 16, what is 2 + 19754a?
19754c
In base 6, what is 24350401 + -345?
24350012
In base 2, what is -10000011010000110100110 + -11?
-10000011010000110101001
In base 16, what is 4 + -13c5702?
-13c56fe
In base 5, what is 42411233001 - -10?
42411233011
In base 10, what is -5 + -5793919?
-5793924
In base 16, what is -14fb11 - 8?
-14fb19
In base 6, what is 43 + -3435141?
-3435054
In base 15, what is -e - -29c1?
29b2
In base 11, what is -36 - 1a347a?
-1a3505
In base 7, what is 21 + 11324452?
11324503
In base 3, what is -11002200102002001 + 11?
-11002200102001220
In base 6, what is 33555 + 43134?
121133
In base 16, what is 68489a - 5?
684895
In base 6, what is 133214315 + 2?
133214321
In base 14, what is 4b9 - -a9a4?
b07d
In base 14, what is -bb298a - -d?
-bb297b
In base 10, what is 1037567292 + 1?
1037567293
In base 16, what is 8d27 + -251?
8ad6
In base 7, what is 31610126 + 6?
31610135
In base 15, what is 2ce9 - 6235?
-343b
In base 13, what is 12b93 - -b9?
12c7c
In base 13, what is cc15 + 9?
cc21
In base 11, what is 4740 - -841?
5481
In base 3, what is 10 + 12222001020212101?
12222001020212111
In base 8, what is 7225 + -134070?
-124643
In base 6, what is -1552 - -442252?
440300
In base 9, what is -3123 - 305323?
-308446
In base 14, what is 6ba1c1 - -1?
6ba1c2
In base 15, what is e347 - 17?
e330
In base 16, what is -1075a - 412?
-10b6c
In base 10, what is 7274 - 31444?
-24170
In base 12, what is 299 - 2420a?
-23b31
In base 4, what is -300021003 + -1002?
-300022011
In base 11, what is -18414 - 208?
-18621
In base 5, what is 10204234 + -2141?
10202043
In base 14, what is 14b36318 - -3?
14b3631b
In base 5, what is -4111143332 - 1?
-4111143333
In base 3, what is 10021210100111 + 1001?
10021210101112
In base 9, what is 102180070 + -8?
102180061
In base 12, what is -b3 + 451b1?
450ba
In base 14, what is -1795345 + -62?
-17953a7
In base 16, what is 61c5 + 25d0?
8795
In base 16, what is -bd + 127b?
11be
In base 2, what is 10101000100000111 - -101000100110?
10101101100101101
In base 4, what is -10122122 - -32220?
-10023302
In base 3, what is -2 - -2210211002111?
2210211002102
In base 8, what is -42 - -22706361?
22706317
In base 10, what is -2634689 - 8?
-2634697
In base 13, what is 785838c - -3?
7858392
In base 11, what is -81 - -57009?
56a38
In base 12, what is 29 + 25a56b?
25a598
In base 12, what is 38a834892 + 4?
38a834896
In base 16, what is -4 + 176db0c?
176db08
In base 4, what is -2 - 2100100003?
-2100100011
In base 10, what is 22 + -12348377?
-12348355
In base 14, what is 10c0b65c - 1?
10c0b65b
In base 2, what is 10110111101011110 + -1?
10110111101011101
In base 8, what is -4 + 11235257?
11235253
In base 15, what is 0 - -157a1c1?
157a1c1
In base 7, what is 112000 + -1520?
110150
In base 7, what is 15444200 - -4?
15444204
In base 16, what is 323f85 - -13?
323f98
In base 6, what is 3 - -1021153154?
1021153201
In base 12, what is 5 - 19b874a2?
-19b87499
In base 13, what is 0 - -2b1a340?
2b1a340
In base 5, what is 3124 - 332303221?
-332300042
In base 10, what is 8915354 + 30?
8915384
In base 6, what is -204340151 + 20?
-204340131
In base 12, what is -11098099 + -1?
-1109809a
In base 3, what is 2221102 + 10121121?
20120000
In base 16, what is 2bc2f + -276?
2b9b9
In base 6, what is 52310312 + 4?
52310320
In base 8, what is 52 + 2225375?
2225447
In base 11, what is 15 - -492807?
492821
In base 12, what is 7b - -1a0737?
1a07b6
In base 7, what is -6 + -1160055300?
-1160055306
In base 6, what is 21 + -412111145?
-412111124
In base 3, what is -11012220012200 + -102?
-11012220020002
In base 5, what is -323311 - 11040?
-334401
In base 9, what is -101828133 - 5?
-101828138
In base 7, what is 2 + 104602646?
104602651
In base 3, what is 21111 + 200100200000?
200100221111
In base 12, what is 292a - 2456?
494
In base 2, what is -1000000010001 + 11010010111?
-100101111010
In base 11, what is 9a9a01a3 - -4?
9a9a01a7
In base 2, what is 1001101111111 + 100011111001?
1110001111000
In base 8, what is 5 + 7060650?
7060655
In base 10, what is 921871683 - 1?
921871682
In base 12, what is -20a20426 - -5?
-20a20421
In base 14, what is 15c84 - -23b?
160c1
In base 7, what is -22154 + -1044340?
-1066524
In base 8, what is -2 - -3154654?
3154652
In base 10, what is -431 - -11412?
10981
In base 6, what is -2 + 355315145?
355315143
In base 16, what is -a + 578fc6?
578fbc
In base 13, what is -16 + 488a7a?
488a64
In base 7, what is 4523363 + -2424?
4520636
In base 12, what is 3 - -1071768a?
10717691
In base 4, what is 11 + -120201210332011?
-120201210332000
In base 2, what is -10000100111111001001000 - -11?
-10000100111111001000101
In base 6, what is 15321323024 - -1?
15321323025
In base 4, what is 0 - -1133203301?
1133203301
In base 10, what is 61 + -36002?
-35941
In base 8, what is 43707350 + -3?
43707345
In base 6, what is 151325 - -2131?
153500
In base 13, what is -13 - 1b543b9?
-1b543cc
In base 11, what is -209 - -2440772?
2440564
In base 2, what is -100010 + 10101110110111110001?
10101110110111001111
In base 5, what is 13204 + 202011?
220220
In base 10, what is -7 + 54552451?
54552444
In base 15, what is 1353 - 3e9?
e59
In base 8, what is -7 + -6472720?
-6472727
In base 8, what is -55070305 + 7?
-55070276
In base 12, what is -40089 + -1315?
-413a2
In base 5, what is 4003 + 22323?
31331
In base 15, what is 5 - 33be1?
-33bdb
In base 7, what is 4 - 16153326?
-16153322
In base 12, what is -2a + 12b02?
12a94
In base 14, what is 1d + 9c108d?
9c10ac
In base 13, what is -2a7 + -85a7a?
-86054
In ba